(-284)/12.
2, 61
Suppose 4*d - 2*d = -4, -s = 3*d + 12. Let g(z) = 5*z**2 - 7*z - 26. What are the prime factors of g(s)?
2, 7
Let k(z) = 29*z - 77. What are the prime factors of k(23)?
2, 5, 59
Let w = -95 - -100. Suppose -w*u = f - 88, -3*f - 189 = -5*f + 3*u. List the prime factors of f.
3, 31
Let l(p) = -p**2 - 30*p + 93. Let k be l(-28). Suppose 332 = 7*n - 3*n. Let x = k - n. What are the prime factors of x?
2, 3, 11
Let g(b) = -10*b + 3. Let i be (-40)/(-30) + (-4)/(-6). Let n be g(i). List the prime factors of 1/1 - -1 - n.
19
Suppose 4*i - 112 = -4*s, 0 = -4*s + 3*s. Let g = 98 - i. List the prime factors of g.
2, 5, 7
Let p(l) = 110*l**2 + 10*l - 22. List the prime factors of p(3).
2, 499
Let w = -1962 - -3455. List the prime factors of w.
1493
Suppose -9*c = -12*c + 6. Suppose -2*l - 22 = -2*r, 3*l + c - 1 = -5*r. Let m(g) = -g**3 - 7*g**2 - 2*g - 10. List the prime factors of m(l).
2
Let b(s) = -262*s - 96. List the prime factors of b(-5).
2, 607
List the prime factors of (8/(128/(-9276)))/(15/(-40)).
2, 773
Suppose -5*z = 3*s - s - 33, -3*s - 8 = -4*z. Let l = 2 - -1. Suppose -2*x + l*x + 4*o = 11, -z*x = -o - 13. List the prime factors of x.
3
Let z be (18/20 + 4/(-10))*14. Let q(u) = -u - 2. Let k be q(3). Let y = z + k. List the prime factors of y.
2
Suppose -5*a + 315 = 5*b - 0*a, -2*a - 75 = -b. Suppose -3*m + 38 = 176. Let r = b + m. What are the prime factors of r?
3, 7
Suppose 6264 = 16*n - 3016. What are the prime factors of n?
2, 5, 29
Let m = 546 - 0. List the prime factors of m.
2, 3, 7, 13
Let s = -2 - -5. Let z(r) = -6 - 5*r - 5 + s*r + 1. List the prime factors of z(-11).
2, 3
Suppose 0 = n - 4*v - 0*v - 267, 4*v - 16 = 0. What are the prime factors of n?
283
Let x = -83 + 73. What are the prime factors of 142 + (-8)/x*5/(-2)?
2, 5, 7
Let z(w) = w**3 - 5*w**2 - 5*w - 4. Let f be z(6). Suppose -2*d + 2*s + 20 = 0, f*d - 5*s - 42 = -2*d. List the prime factors of d.
2
Suppose 5*f + 7*z - 4*z = 3605, 4*z - 2163 = -3*f. What are the prime factors of f?
7, 103
List the prime factors of (8*1)/(37/3737).
2, 101
Suppose 2*v + 3 = 9, -2*j - 5*v = -27. Suppose 14 = 2*b + j*a - a, 3*a - 30 = -3*b. Suppose -o + 5*c = 2 - b, 3*o - 10 = -5*c. List the prime factors of o.
5
Let g(b) be the third derivative of -1/12*b**4 + 0 + 2*b**2 + 1/60*b**6 - 1/2*b**3 + 0*b - 1/6*b**5. What are the prime factors of g(6)?
3, 19
Let d = -165 - -395. Suppose -6*p + d = -208. List the prime factors of p.
73
What are the prime factors of (3/(-2))/(2*(-7)/11956)?
3, 7, 61
Let u = 11434 + -6847. List the prime factors of u.
3, 11, 139
Let z(t) = -t**2 + 5*t - 10. Let f be z(4). Let b = 12 - f. What are the prime factors of b?
2, 3
Suppose -3*d - 5*w = -2228, -4*d + 1197 = -4*w - 1763. List the prime factors of d.
3, 13, 19
Let f(s) = -3*s**2 + 27*s + 2. Let u be f(9). Suppose 2*i - 112 = -4*d, -112 = -u*i - 0*i - d. List the prime factors of i.
2, 7
Let l be (2/6)/((-10)/(-270)). Let b(o) = -13*o + o**3 - 15*o**2 - 6 - 8 - l + 3. What are the prime factors of b(16)?
2, 7
Let d = 24 + -19. Let p be 4 - (-4)/(-10)*d. Let u(j) = 27*j - 4. What are the prime factors of u(p)?
2, 5
Suppose 12 = -5*a + 37. Suppose -a*z - 24 = -7*z. Suppose -3 = -4*m - 4*p + 85, -4*p = -m + z. What are the prime factors of m?
2, 5
What are the prime factors of -6 + (2 + -5)*-161?
3, 53
Let o(m) be the first derivative of m**3/3 - 5*m**2/2 - 7*m + 40. What are the prime factors of o(-7)?
7, 11
Let g(d) be the third derivative of -d**6/120 + 2*d**5/15 + 3*d**4/8 + 25*d**3/6 + 48*d**2. List the prime factors of g(7).
137
Let j = 48 + -48. Suppose b + 3*b = 3*u + 576, -2*b - u + 288 = j. What are the prime factors of b?
2, 3
Let d(u) = u**3 + 23*u**2 - 22*u + 58. What are the prime factors of d(-24)?
2, 5
Suppose -4*i + 5 = i - 5*y, 0 = -i + 5*y - 19. Suppose -l - i = -3*l. Suppose 3*v - 42 = -3*d, -d + l*v + 2 = -2*v. What are the prime factors of d?
2, 3
Let c(y) = 7*y**3 - 2*y**2 + y - 21. What are the prime factors of c(6)?
3, 5, 19
Suppose 86*d = 339180 + 166672. What are the prime factors of d?
2, 17, 173
Let t = -1014 - 1212. What are the prime factors of t/(-22) + -1 - 4/22?
2, 5
Let k(x) = x**2 + 1. Suppose z - 12 = -2*n, 4*z - n + 17 = 4*n. Let v be k(z). List the prime factors of (-5)/(v/(-3)) - -5.
2
Let r(s) = 2*s + 1. Let m be r(1). Let u be m*3/(3/(-1)). Let l(g) = g**2 - 2*g - 3. List the prime factors of l(u).
2, 3
Suppose -25637 + 90647 = 55*r. What are the prime factors of r?
2, 3, 197
Let d(h) = -9*h + 1. Let g be d(9). List the prime factors of (12/10)/((-6)/g).
2
Let p(z) = z**3 - z**2 + z + 9. Let t(b) = -b**3 + b**2 + 6*b + 4. Let i be t(3). List the prime factors of p(i).
61
Let w = 44 - 37. Suppose -88 = -5*u + w. List the prime factors of u.
19
Let t = 43 + -63. List the prime factors of (17 - t)*(-2)/(-2).
37
Suppose -26*v = -48988 - 38398. What are the prime factors of v?
3361
Let k = 5 + -21. Let h be (-3)/(-2) + (-136)/k. Suppose -24 = -2*q + h. What are the prime factors of q?
17
Let i be (2/(16/(-18)))/(22/(-2288)). Suppose -146 = -4*k + i. List the prime factors of k.
5, 19
Let i = -104 - -103. Let f(p) = -101*p**3 - p**2 + 2*p + 2. List the prime factors of f(i).
2, 5
Let y = -196 - -555. Suppose a - 71 = -w, -5*a + y = 5*w - 2*a. List the prime factors of w.
73
Let n(q) be the second derivative of q**3/6 - 5*q**2/2 + 4*q. Let w = 45 - 31. List the prime factors of n(w).
3
Let s be 8 + -5 - (59 - -1). Let a = 85 + s. Suppose -3 = 5*n - a. What are the prime factors of n?
5
Let o = 6307 + -3472. List the prime factors of o.
3, 5, 7
Let o be (-1 + 0)/((-1)/30). Let w be 2718/o - 3/5. Suppose 2*p - 80 = -4*j, p = 4*j - 2 - w. What are the prime factors of j?
2, 11
Suppose 0 = 3*q + 4*b - 5733, -5*q + b - 1857 = -11389. What are the prime factors of q?
1907
Let j(p) = 4*p**2 - 23*p + 11. List the prime factors of j(17).
2, 97
List the prime factors of (-24232)/(-28) - 57/133.
5, 173
Suppose -3*h + 8*h - 45 = 0. Suppose 28 = y + 5*q + 4, 0 = 5*y - 4*q - 207. Let i = h + y. List the prime factors of i.
2, 3
Let x(r) = 87*r + 1310. What are the prime factors of x(58)?
2, 7, 227
Let s(l) = -74*l + 17. List the prime factors of s(-1).
7, 13
Let q = -758 - -1611. What are the prime factors of q?
853
Let s = -1522 - -2799. What are the prime factors of s?
1277
Let k = 2735 + -388. What are the prime factors of k?
2347
Suppose 4*w = -0*w + 8. Suppose -5 = 2*l - 3*c, -l + 4*c = w*c + 4. List the prime factors of 198/12 - 1/l.
2
Suppose 3*x + l = 4148, 5 = -9*l + 4*l. List the prime factors of x.
3, 461
Suppose -28*l + 1063 = -32061. What are the prime factors of l?
7, 13
Let m(a) = a**2 - 17*a + 34. Let p(y) = -y**3 - 7*y**2 - 4*y - 4. Let n be p(-7). List the prime factors of m(n).
2, 101
Suppose 24*r - 9*r = 14055. List the prime factors of r.
937
Suppose 4*x - 1539 = -3*s + 18478, -2*s = 2*x - 10006. List the prime factors of x.
2, 313
Let d be 26/143 + 20/11 + 0. Suppose z - 2*l + 12 = 2*z, -2*l - d = 0. List the prime factors of z.
2, 7
Let y be (6/(-5))/((-57)/20140). Suppose y = 2*f - v, -4*v + 0*v = 2*f - 414. List the prime factors of f.
211
Let o be (-1 - -2) + (-4)/(-2). Let s be (-1 + (1 - 0))/(-1). Suppose s = -b + o*b - 72. What are the prime factors of b?
2, 3
Let y be 3 - 6*((-6)/9)/2. Suppose -9*s = -4*s + 2*r - 998, 4*s + y*r - 812 = 0. List the prime factors of s.
2, 3, 11
Suppose 3*t - 16 = -2*j, 3*t - 8 = -2*j - 2*j. Let r(p) = p**3 - 8*p**2 + p + 2. Let u be r(8). List the prime factors of 4/u - t/(-5).
2
Suppose 0 = -3*n - n + 12. Let x be ((-33)/6 + n)*-2. Suppose -7*k + 3*k + x*m + 114 = 0, -5*k = -4*m - 138. List the prime factors of k.
2, 13
Let h = 95 + -92. Suppose -4*w + 5*q = -401, 3 = 2*q - h. List the prime factors of w.
2, 13
Let y(p) = 37*p**2 + 32*p + 149. List the prime factors of y(-4).
613
List the prime factors of -2 - (876/8)/((-4)/16).
2, 109
Let v(p) = -5*p + 318. What are the prime factors of v(0)?
2, 3, 53
Let s = 20 - -13. Suppose 54 = o - s. List the prime factors of o.
3, 29
Let u(o) = -4*o**2 - 8*o - 9. Let w be u(-7). Let h = 210 + w. Suppose -6 + h = 5*z. What are the prime factors of z?
11
Let i(v) = 5*v**2 + 4*v - 2. Let p be i(-2). Let h(u) = -8*u - 1. Let q be h(-2). List the prime factors of 292/p